{"id":24,"date":"2026-01-03T19:27:56","date_gmt":"2026-01-03T17:27:56","guid":{"rendered":"https:\/\/www.valonheijastus.fi\/?page_id=24"},"modified":"2026-03-25T10:38:58","modified_gmt":"2026-03-25T08:38:58","slug":"mika-on-valon-heijastus","status":"publish","type":"page","link":"https:\/\/www.valonheijastus.fi\/","title":{"rendered":"Valon Heijastus"},"content":{"rendered":"\t\t<div data-elementor-type=\"wp-page\" data-elementor-id=\"24\" class=\"elementor elementor-24\">\n\t\t\t\t<div class=\"elementor-element elementor-element-1a2eb35 e-flex e-con-boxed e-con e-parent\" data-id=\"1a2eb35\" data-element_type=\"container\" data-e-type=\"container\">\n\t\t\t\t\t<div class=\"e-con-inner\">\n\t\t<div class=\"elementor-element elementor-element-d1e8174 e-con-full e-flex e-con e-child\" data-id=\"d1e8174\" data-element_type=\"container\" data-e-type=\"container\">\n\t\t\t\t<div class=\"elementor-element elementor-element-33f9fff elementor-widget elementor-widget-text-editor\" data-id=\"33f9fff\" data-element_type=\"widget\" data-e-type=\"widget\" data-widget_type=\"text-editor.default\">\n\t\t\t\t\t\t\t\t\t<p class=\"has-black-color has-text-color has-link-color\">Hyvinvointia energiahoitojen avulla.<\/p><p class=\"has-black-color has-text-color has-link-color\">L\u00e4mpim\u00e4sti tervetuloa hoitamaan kehoasi, mielt\u00e4si ja sieluasi. Energiahoito on lempe\u00e4 ja luonnollinen keino l\u00f6yt\u00e4\u00e4 sis\u00e4ist\u00e4 rauhaa, vapauttaa j\u00e4nnityksi\u00e4 ja tukea hyvinvointiasi.<\/p><p class=\"has-black-color has-text-color has-link-color\">Valon heijastus tarjoaa lempeit\u00e4 energiahoitoja M\u00e4nts\u00e4l\u00e4ss\u00e4. Kun tarvitset aikaa itsellesi, pient\u00e4 hemmottelua tai irtiottoa arjesta. Energiahoito voi olla rentoutushetki kiireen ja stressin keskell\u00e4 tai syv\u00e4llinen tutkimusmatka itseesi.<\/p>\t\t\t\t\t\t\t\t<\/div>\n\t\t\t\t<\/div>\n\t\t<div class=\"elementor-element elementor-element-9630d34 e-con-full e-flex e-con e-child\" data-id=\"9630d34\" data-element_type=\"container\" data-e-type=\"container\">\n\t\t\t\t<div class=\"elementor-element elementor-element-fba2be5 elementor-widget__width-inherit elementor-widget elementor-widget-image\" data-id=\"fba2be5\" data-element_type=\"widget\" data-e-type=\"widget\" data-widget_type=\"image.default\">\n\t\t\t\t\t\t\t\t\t\t\t\t<figure class=\"wp-caption\">\n\t\t\t\t\t\t\t\t\t\t<img fetchpriority=\"high\" decoding=\"async\" width=\"768\" height=\"1024\" src=\"https:\/\/www.valonheijastus.fi\/wp-content\/uploads\/2026\/02\/IMG_20260208_112024-768x1024.jpg\" class=\"attachment-medium_large size-medium_large wp-image-182\" alt=\"\" srcset=\"https:\/\/www.valonheijastus.fi\/wp-content\/uploads\/2026\/02\/IMG_20260208_112024-768x1024.jpg 768w, https:\/\/www.valonheijastus.fi\/wp-content\/uploads\/2026\/02\/IMG_20260208_112024-225x300.jpg 225w, https:\/\/www.valonheijastus.fi\/wp-content\/uploads\/2026\/02\/IMG_20260208_112024-1152x1536.jpg 1152w, https:\/\/www.valonheijastus.fi\/wp-content\/uploads\/2026\/02\/IMG_20260208_112024-1536x2048.jpg 1536w, https:\/\/www.valonheijastus.fi\/wp-content\/uploads\/2026\/02\/IMG_20260208_112024-scaled.jpg 1920w\" sizes=\"(max-width: 768px) 100vw, 768px\" \/>\t\t\t\t\t\t\t\t\t\t\t<figcaption class=\"widget-image-caption wp-caption-text\"><\/figcaption>\n\t\t\t\t\t\t\t\t\t\t<\/figure>\n\t\t\t\t\t\t\t\t\t<\/div>\n\t\t\t\t<\/div>\n\t\t\t\t\t<\/div>\n\t\t\t\t<\/div>\n\t\t\t\t<\/div>\n\t\t","protected":false},"excerpt":{"rendered":"<p>Hyvinvointia energiahoitojen avulla. L\u00e4mpim\u00e4sti tervetuloa hoitamaan kehoasi, mielt\u00e4si ja sieluasi. Energiahoito on lempe\u00e4 ja luonnollinen keino l\u00f6yt\u00e4\u00e4 sis\u00e4ist\u00e4 rauhaa, vapauttaa j\u00e4nnityksi\u00e4 ja tukea hyvinvointiasi. Valon heijastus tarjoaa lempeit\u00e4 energiahoitoja M\u00e4nts\u00e4l\u00e4ss\u00e4. Kun tarvitset aikaa itsellesi, pient\u00e4 hemmottelua tai irtiottoa arjesta. Energiahoito voi olla rentoutushetki kiireen ja stressin keskell\u00e4 tai syv\u00e4llinen tutkimusmatka itseesi.<\/p>\n","protected":false},"author":1,"featured_media":21,"parent":0,"menu_order":1,"comment_status":"closed","ping_status":"closed","template":"","meta":{"neve_meta_sidebar":"","neve_meta_container":"","neve_meta_enable_content_width":"","neve_meta_content_width":0,"neve_meta_title_alignment":"","neve_meta_author_avatar":"","neve_post_elements_order":"","neve_meta_disable_header":"","neve_meta_disable_footer":"","neve_meta_disable_title":"","footnotes":""},"class_list":["post-24","page","type-page","status-publish","has-post-thumbnail","hentry"],"_links":{"self":[{"href":"https:\/\/www.valonheijastus.fi\/index.php\/wp-json\/wp\/v2\/pages\/24","targetHints":{"allow":["GET"]}}],"collection":[{"href":"https:\/\/www.valonheijastus.fi\/index.php\/wp-json\/wp\/v2\/pages"}],"about":[{"href":"https:\/\/www.valonheijastus.fi\/index.php\/wp-json\/wp\/v2\/types\/page"}],"author":[{"embeddable":true,"href":"https:\/\/www.valonheijastus.fi\/index.php\/wp-json\/wp\/v2\/users\/1"}],"replies":[{"embeddable":true,"href":"https:\/\/www.valonheijastus.fi\/index.php\/wp-json\/wp\/v2\/comments?post=24"}],"version-history":[{"count":46,"href":"https:\/\/www.valonheijastus.fi\/index.php\/wp-json\/wp\/v2\/pages\/24\/revisions"}],"predecessor-version":[{"id":256,"href":"https:\/\/www.valonheijastus.fi\/index.php\/wp-json\/wp\/v2\/pages\/24\/revisions\/256"}],"wp:featuredmedia":[{"embeddable":true,"href":"https:\/\/www.valonheijastus.fi\/index.php\/wp-json\/wp\/v2\/media\/21"}],"wp:attachment":[{"href":"https:\/\/www.valonheijastus.fi\/index.php\/wp-json\/wp\/v2\/media?parent=24"}],"curies":[{"name":"wp","href":"https:\/\/api.w.org\/{rel}","templated":true}]}}